
5974
Calculate the remainder when 10107835 is divided by 122.
13
Calculate the remainder when 4931927 is divided by 472.
471
What is the remainder when 18994 is divided by 2488?
1578
Calculate the remainder when 4101424 is divided by 1514.
1512
Calculate the remainder when 562274998 is divided by 1050.
1048
Calculate the remainder when 5439349 is divided by 1163.
1161
What is the remainder when 2113917 is divided by 41441?
426
What is the remainder when 65540 is divided by 16196?
756
What is the remainder when 449404 is divided by 13217?
26
What is the remainder when 5249813 is divided by 19?
18
Calculate the remainder when 69086483 is divided by 6.
5
Calculate the remainder when 48196732 is divided by 4509.
31
Calculate the remainder when 218550 is divided by 449.
336
What is the remainder when 26375645 is divided by 568?
565
What is the remainder when 89329 is divided by 43536?
2257
Calculate the remainder when 47718168 is divided by 10.
8
What is the remainder when 1937375 is divided by 96774?
1895
What is the remainder when 477113 is divided by 507?
26
Calculate the remainder when 13353911 is divided by 3338476.
7
Calculate the remainder when 6357122 is divided by 4387.
359
What is the remainder when 16827246 is divided by 16827113?
133
Calculate the remainder when 22209066 is divided by 83.
9
What is the remainder when 718489064 is divided by 483?
482
Calculate the remainder when 23186898 is divided by 2140.
2138
What is the remainder when 10909 is divided by 3556?
241
What is the remainder when 39084 is divided by 2403?
636
What is the remainder when 26206937 is divided by 445?
442
What is the remainder when 323288 is divided by 1774?
420
Calculate the remainder when 315945 is divided by 2609.
256
Calculate the remainder when 31591 is divided by 2308.
1587
What is the remainder when 166109 is divided by 28?
13
What is the remainder when 877169 is divided by 43858?
9
Calculate the remainder when 1846744 is divided by 7892.
16
What is the remainder when 1466310854 is divided by 2361?
2360
What is the remainder when 7027410 is divided by 26720?
50
What is the remainder when 279734 is divided by 4525?
3709
What is the remainder when 4612274 is divided by 419297?
7
What is the remainder when 65132734 is divided by 3448?
14
What is the remainder when 2904742 is divided by 580945?
17
Calculate the remainder when 598336 is divided by 37396.
0
What is the remainder when 9231 is divided by 6231?
3000
Calculate the remainder when 22068309 is divided by 31.
29
Calculate the remainder when 8009 is divided by 7187.
822
Calculate the remainder when 140983307 is divided by 26.
23
What is the remainder when 141715 is divided by 811?
601
Calculate the remainder when 5313385 is divided by 19.
16
Calculate the remainder when 1378728 is divided by 1046.
100
Calculate the remainder when 65346 is divided by 238.
134
Calculate the remainder when 5550433 is divided by 2697.
7
What is the remainder when 58893549 is divided by 316?
313
What is the remainder when 3004743 is divided by 29457?
129
Calculate the remainder when 138502573 is divided by 2198.
2197
What is the remainder when 4407464 is divided by 41?
5
Calculate the remainder when 114790 is divided by 601.
600
What is the remainder when 296883951 is divided by 918?
915
What is the remainder when 11992 is divided by 68?
24
What is the remainder when 9868970 is divided by 1094?
1090
Calculate the remainder when 734950088 is divided by 111.
107
What is the remainder when 964838 is divided by 2865?
2198
What is the remainder when 10385228 is divided by 2314?
2310
What is the remainder when 285239 is divided by 1214?
1163
Calculate the remainder when 48558 is divided by 7499.
3564
Calculate the remainder when 418761 is divided by 7294.
3003
Calculate the remainder when 65229924 is divided by 434866.
24
Calculate the remainder when 140089877 is divided by 70.
67
Calculate the remainder when 54926930 is divided by 35.
30
Calculate the remainder when 11427788 is divided by 116610.
8
Calculate the remainder when 603467 is divided by 67000.
467
Calculate the remainder when 109923 is divided by 54926.
71
Calculate the remainder when 5231249 is divided by 5231248.
1
Calculate the remainder when 22328823 is divided by 5228.
35
Calculate the remainder when 1743215 is divided by 368.
367
What is the remainder when 442626 is divided by 147505?
111
What is the remainder when 128069 is divided by 9137?
151
Calculate the remainder when 966449 is divided by 1275.
1274
Calculate the remainder when 220171 is divided by 1098.
571
What is the remainder when 1061012 is divided by 5830?
5782
Calculate the remainder when 95470 is divided by 2863.
991
Calculate the remainder when 12193702 is divided by 2438731.
47
Calculate the remainder when 204376274 is divided by 1286.
10
Calculate the remainder when 6547004 is divided by 245.
114
What is the remainder when 3352245 is divided by 7869?
51
Calculate the remainder when 29036 is divided by 3306.
2588
What is the remainder when 14282390 is divided by 14254?
14136
What is the remainder when 106146 is divided by 613?
97
What is the remainder when 805350 is divided by 57517?
112
What is the remainder when 3179233 is divided by 15?
13
Calculate the remainder when 58512 is divided by 1146.
66
Calculate the remainder when 1536832 is divided by 307344.
112
What is the remainder when 26140328 is divided by 155?
43
What is the remainder when 18436392 is divided by 8?
0
What is the remainder when 5642962 is divided by 17?
16
Calculate the remainder when 67854 is divided by 30116.
7622
Calculate the remainder when 4825210 is divided by 2259.
2245
What is the remainder when 127100590 is divided by 452?
450
Calculate the remainder when 6859 is divided by 2358.
2143
What is the remainder when 578205 is divided by 429?
342
What is the remainder when 492876 is divided by 82144?
12
Calculate the remainder when 4973084 is divided by 130870.
24
What is the remainder when 241609 is divided by 6194?
43
What is the remainder when 8493831 is divided by 40?
31
Calculate the remainder when 132473175 is divided by 113.
111
Calculate the remainder when 429715 is divided by 418.
11
Calculate the remainder when 85761604 is divided by 68445.
19
What is the remainder when 480791 is divided by 240375?
41
What is the remainder when 481581998 is divided by 50?
48
Calculate the remainder when 5271258 is divided by 360.
138
What is the remainder when 8909502 is divided by 129?
117
Calculate the remainder when 722001167 is divided by 3248.
3247
Calculate the remainder when 11989896 is divided by 43.
34
Calculate the remainder when 126052 is divided by 29773.
6960
What is the remainder when 89853 is divided by 5283?
42
What is the remainder when 47906968 is divided by 312?
304
What is the remainder when 269043 is divided by 22405?
183
What is the remainder when 14806673 is divided by 21?
14
Calculate the remainder when 4948158 is divided by 50491.
40
What is the remainder when 1440839 is divided by 19211?
14
What is the remainder when 34839120 is divided by 2903260?
0
Calculate the remainder when 13128745 is divided by 2429.
0
Calculate the remainder when 179745 is divided by 1895.
1615
What is the remainder when 89455 is divided by 17?
1
What is the remainder when 16017814 is divided by 37?
33
Calculate the remainder when 23852 is divided by 1203.
995
What is the remainder when 4328676 is divided by 343?
16
What is the remainder when 12867494 is divided by 52?
42
Calculate the remainder when 14662182 is divided by 35.
17
What is the remainder when 190115 is divided by 490?
485
What is the remainder when 169205 is divided by 42301?
1
What is the remainder when 3055210 is divided by 5258?
312
What is the remainder when 42180 is divided by 2327?
294
Calculate the remainder when 2853597 is divided by 792.
21
Calculate the remainder when 22479 is divided by 107.
9
What is the remainder when 20714088 is divided by 34?
30
Calculate the remainder when 2275093 is divided by 55490.
3
What is the remainder when 624155 is divided by 2558?
3
Calculate the remainder when 114107279 is divided by 245.
244
Calculate the remainder when 296167 is divided by 637.
599
Calculate the remainder when 42541402 is divided by 2087.
2081
What 